se 16*l - 18*l + 14 = a. Calculate the greatest common factor of l and 77.
7
Suppose u = 4*j + 393, 2*j + 485 + 1444 = 5*u. Calculate the greatest common factor of 275 and u.
55
Let c(g) = g - 11. Suppose -11*d + 69 = -118. Let x be c(d). Calculate the highest common divisor of x and 10.
2
Suppose 3*v - 43 = -4*w + 117, 2*v = w - 40. What is the greatest common divisor of 10 and w?
10
Let b(y) = -y + 7. Let c be b(-6). Let w = c + -10. Suppose -w + 7 = m. Calculate the greatest common divisor of 4 and m.
4
Let h(v) = -9*v - 9. Let c(d) = -5*d**2 - 1. Let j be c(1). Let k be h(j). Suppose 81*g = 60*g + 630. Calculate the greatest common factor of k and g.
15
Let r = -4 + 6. Suppose 4 = -h + r*d, -5*h - 3*d + 10 = -7*d. Let n(u) = -u + 85. Let i be n(19). What is the greatest common factor of h and i?
6
Suppose -z = -4*t - 168, -t = 2*z + t - 286. Let x = -84 + z. What is the highest common divisor of x and 4?
4
Suppose -2 = 2*c - 4. Let z(k) = -2*k - 55. Let d be z(-33). What is the highest common factor of d and c?
1
Suppose 0 = -8*y + 136 - 16. Calculate the greatest common factor of y and 105.
15
Let q be ((-18)/2 - -1)*-1. Let o(s) = s**2 - 14*s - 9. Let n be o(17). Suppose -n = -p - x, 4*x = -p + 47 + 1. What is the highest common factor of q and p?
8
Let m = 1317 + -822. Calculate the greatest common divisor of 66 and m.
33
Suppose 0 = -4*s + 48. Suppose 5*q - 4*q - s = 0. Calculate the greatest common divisor of q and 12.
12
Suppose 2*j = g - 19, -5*j - 52 = -2*g - 9. Suppose -5*r = 5*b - 120, -b - g = 4*r - 33. What is the greatest common factor of 3 and b?
3
Let f be -2 - (-44)/4 - -54. Calculate the highest common divisor of 49 and f.
7
Let v be 64/(-16) - 344/(-1). What is the greatest common divisor of 136 and v?
68
Suppose -2*s - 4*u + 8 = 0, 0 = 5*s - 8*s - 2*u + 16. Calculate the greatest common factor of s and 33.
3
Suppose -14*v + 12*v = 4, -v = -3*b + 62. Let l(u) = -u**3 + 5*u**2 + 4. Let g be l(5). What is the greatest common divisor of g and b?
4
Suppose -m = -3*f - 2, 7 - 51 = -2*m - 4*f. Suppose 5*i - 3*b = 770, 8*b = 3*b. What is the greatest common factor of i and m?
14
Let l(x) = -x**3 - 3*x**2 + 5*x. Let d be l(-4). Let u be ((-10)/(-15))/(d/(-432)). Calculate the greatest common factor of u and 9.
9
Let n(v) = v**3 + 10*v**2 + v + 16. Let j be n(-10). What is the greatest common divisor of j and 111?
3
Let u = 7 + 3. Let g(j) be the third derivative of j**5/20 + j**4/12 - j**3/6 - 4*j**2. Let o be g(1). What is the greatest common factor of u and o?
2
Suppose 0*a + 5*a + 5*v + 125 = 0, 0 = 5*a - 2*v + 125. Let r = a - -31. What is the highest common factor of 30 and r?
6
Let f(b) = -b**3 + 36*b**2 - 3*b + 119. Let k be f(36). What is the highest common divisor of k and 297?
11
Let d(v) be the third derivative of v**6/120 + v**5/30 - v**4/24 - 2*v**3/3 + 10*v**2. Let j be d(2). Calculate the greatest common divisor of j and 5.
5
Suppose -46 + 16 = -10*i. Suppose 9*c = -i*c + 2304. Calculate the highest common divisor of c and 24.
24
Let g be (80/4)/((-4)/(-12)). Let s = 51 - 27. Calculate the highest common factor of g and s.
12
Let n = 145 - 46. Let s(u) = -2*u - 87. Let c be s(-48). What is the highest common divisor of c and n?
9
Let d(t) = 8*t. Let z = 0 - -7. Let w be d(z). What is the greatest common divisor of 7 and w?
7
Let m(o) = -o**3 - o**2 + o + 16. Let w be m(-3). Calculate the greatest common divisor of w and 279.
31
Let u = -6 + 10. Let y = -7 + 7. Suppose u*x = -y*x + 28. Calculate the greatest common divisor of 63 and x.
7
Let y(z) = -z**3 + 15*z**2 + 76*z + 28. Let g be y(19). What is the greatest common divisor of 70 and g?
14
Suppose 0 = n - 4*q + 12, 18*n + 32 = 21*n + 5*q. What is the greatest common divisor of n and 692?
4
Let j(b) = 2*b**2 - 20*b - 104. Let l be j(25). Calculate the greatest common factor of l and 38.
38
Let v be (-4)/((-12)/(-15))*(-15)/5. Let j(u) = 2*u + 20. Let m be j(0). What is the highest common divisor of m and v?
5
Suppose -76 - 77 = -3*o. What is the highest common factor of 867 and o?
51
Suppose -405 + 65 = 5*m. Let w = 68 - m. What is the greatest common divisor of 34 and w?
34
Suppose 4*h + h = 15. Suppose h*f = d - 66, 2*d + 4*f = f + 87. Suppose 3*t - d = 27. Calculate the greatest common divisor of t and 234.
26
Let o = -4 + 8. Suppose 9 = 5*n + o. Let d be 121/11 - 2/n. Calculate the highest common factor of d and 72.
9
Let q = -2 + 2. Suppose 2*m - 16 + 6 = 0. Suppose q = -u + 6*u + m*z - 50, 2*z - 8 = 0. What is the highest common divisor of u and 6?
6
Suppose -6*a + 2*a = -28. Let n be (-14)/5*400/(-160). Calculate the greatest common divisor of n and a.
7
Let c(y) = y**2 - 14*y - 18. Let g be c(16). What is the highest common factor of g and 21?
7
Let q(b) = -5*b + 2. Let s be q(0). Suppose 2 = -p, s*x = 3*x + 3*p - 30. Let d be (-8)/(-6)*(3 - 0). Calculate the greatest common factor of x and d.
4
Let s(z) = 2*z**2 + 9*z + 23. Let x be s(-14). Suppose -3*p + x = -143. What is the greatest common divisor of p and 18?
18
Suppose -2*u - 3*c + 26 = c, 0 = c + 3. Suppose 286 + 15 = 3*z - 4*w, 2*z - 4*w = 206. Calculate the greatest common divisor of u and z.
19
Let p = -22 + 24. Let c be 2 - (1 + -6 + p). What is the greatest common factor of 15 and c?
5
Let w(b) = -b**3 + 4*b**2 - b - 1. Let y be w(3). Let z be 36/14 + 45/105. What is the highest common divisor of z and y?
1
Suppose 3*d - 46 = 26. Let n(g) = -2*g + 16. Let w be n(6). Suppose 3*y - 183 = -z, z - 3*z = -w*y - 316. What is the greatest common divisor of z and d?
24
Let r(p) = -2*p**2 + 6*p + 42. Let m be r(4). Let s = 0 - -17. What is the highest common factor of m and s?
17
Let p(l) = 5*l + 12. Let w be -1 + 3/(-5) + 4/(-10). Let o be p(w). Calculate the greatest common factor of o and 22.
2
Suppose 2*q - 4*u - 14 = 0, -q + u + 6 = 2*q. Let k be 8/(-16)*-4 - -7. What is the highest common divisor of k and q?
1
Let m = -45 + 30. Let j = -15 - m. Suppose j = b + b - 24. What is the greatest common divisor of b and 4?
4
Suppose 10 = 4*y - 2. Suppose -3*v + 3*h + 72 = 0, 2*v + y*h - 25 = 18. What is the highest common divisor of v and 92?
23
Let n be (8/(-16))/(1/(-158)). Let v be n/4 + (-1)/(-4). Let p = -64 - -114. Calculate the highest common divisor of p and v.
10
Let j(r) = -r + 16. Let m be j(11). Let u(o) = -2*o**2 + 4*o - 5. Let s be u(m). Let y = -1 - s. Calculate the highest common factor of y and 17.
17
Let w be (9/(-6))/(1/(-30)). Let u = -228 + 233. What is the greatest common divisor of u and w?
5
Let u be 1 + (-3)/(-12)*4. Suppose 3*s + 177 = 3*z, -z = u*z + 4*s - 184. Suppose 7*c = 3*c + z. What is the greatest common divisor of c and 15?
15
Let c(f) = f**2 + f + 3. Let b be 1 + (-4)/(-4)*-1. Let w be c(b). Let s be -1 + w + 131 - 1. Calculate the greatest common factor of s and 12.
12
Suppose -h - 2*h = -12, 4*x + h - 56 = 0. Let o(g) = -3*g + 2*g + 5*g - 4 + 6*g**2 - g. Let q be o(4). What is the highest common divisor of x and q?
13
Let n = -1326 + 1342. Calculate the greatest common divisor of n and 20.
4
Suppose -195 = 5*m - 8*m. Suppose -d + 2*z + 26 = -5*d, z - 2 = d. Let y(r) = 2*r**2 + 3*r - 9. Let c be y(d). What is the highest common divisor of m and c?
13
Let u(y) = -y**3 + 3*y**2 + 21*y + 12. Let s be u(-8). Suppose 4*a = 3*z - s, 5*z + 0*a = 2*a + 932. What is the greatest common factor of 47 and z?
47
Let o(d) = -8 - 2*d - 3*d - 14*d - d**2. Let b be o(-17). What is the greatest common factor of 13 and b?
13
Let n = -56 + 70. Suppose 4*y + 516 = 6*o - 3*o, -5*o - 2*y = -834. Let u be 1*(-5)/((-20)/o). Calculate the highest common factor of u and n.
14
Suppose -4*g - 20 = -4*l - 2*g, 4*g - 4 = -3*l. Suppose 0*m = 3*y + 2*m - 13, -y = l*m + 9. What is the greatest common divisor of 77 and y?
7
Let n be (52/16)/(15/12 - 1). Let o = -68 - -134. Suppose 3*g = 0, -g = 4*q + 14 - o. What is the highest common divisor of q and n?
13
Let h be 9*((-13)/3 + 6). Let n be (-1 + 6)*1 - 2. Suppose -3*l + n*b + 348 = 0, -2*b = -4*l - b + 476. Calculate the highest common divisor of l and h.
15
Let i(x) = 2*x. Let l be i(6). Suppose l = 6*u - 78. Calculate the highest common divisor of 120 and u.
15
Let l = -141 + 181. Calculate the highest common divisor of l and 16.
8
Suppose 3*q